ppose 18 = 5*n - 27. Calculate the highest common divisor of n and 99.
9
Let w = 148 - 97. Suppose 8*i - 17 = 7*i. What is the greatest common factor of w and i?
17
Let z = 2 + 0. Let o be (-1)/(-2) - 59/(-2). Suppose -z - o = -4*y. What is the greatest common divisor of y and 40?
8
Let o be (-7)/(175/(-15)) + (-57)/(-5). Calculate the highest common factor of o and 6.
6
Suppose p = -5*o + 4 + 8, -5*p - 15 = 0. Suppose -o*i + 6*i = 81. Calculate the highest common factor of i and 9.
9
Let l be 3/(-6)*(0 + -30). Let i be (-6)/l - (-32)/5. Calculate the highest common factor of 3 and i.
3
Let l = 164 - 154. What is the highest common factor of l and 10?
10
Let r(q) = -q + 17. Let g be r(14). Suppose g*h - 36 = -h. Let k(i) = 6*i. Let a be k(1). What is the greatest common factor of h and a?
3
Let j be (38 + -3)*28/10. Suppose -3*y = -8*y - 4*g + j, 3*g + 9 = 0. What is the highest common factor of y and 11?
11
Suppose -2*i + 12 = -0*i. Suppose -2*g = -i*g + 28. Suppose -g*d = -2*d - 110. What is the highest common divisor of 33 and d?
11
Suppose 248 - 92 = 4*t. Calculate the highest common divisor of 39 and t.
39
Let s be 495/27 + (-2)/6. What is the greatest common divisor of 72 and s?
18
Suppose 0 = 5*f + 15, -5*i - 4*f + 63 = 20. Suppose -4*c - 2*m = 3*m - 371, 0 = 5*c + 4*m - 475. Calculate the greatest common factor of c and i.
11
Let n be (-8)/12 + 184/6. Calculate the highest common factor of n and 20.
10
Let o = -5 - -6. Suppose 0 = -3*u + 2 + o. Let j = 2 - u. Calculate the greatest common divisor of j and 11.
1
Let d be 16/(-6)*(-3 - 0). Let j(z) = 2*z**2 - 6*z + 4. Let k be j(4). Calculate the greatest common divisor of d and k.
4
Let t be (-15)/10*8/(-3). Suppose t*y + j - 1 + 30 = 0, 0 = -j - 1. Let x be (2 - 60/21)*y. What is the greatest common divisor of 18 and x?
6
Suppose -s = 5*w - 2, 6*s = 3*s - 9. Let t be (-14 - w)*(-2)/6. What is the highest common factor of 45 and t?
5
Suppose -1382 + 262 = -8*b. What is the greatest common divisor of b and 56?
28
Let g(i) = i + 532. Let w be g(0). Suppose 3*x - 300 = 3*l, -w = -2*x - 3*x - 3*l. What is the greatest common divisor of 13 and x?
13
Suppose -4*n - 4*l + 69 = -7*l, 0 = 5*n + 2*l - 92. Let s be (23/(-3))/((-6)/n). What is the highest common divisor of 253 and s?
23
Let m = 38 + -28. What is the highest common divisor of m and 10?
10
Suppose 0 = 3*w - 132 - 0. Let a be (-15)/6*w/(-5). What is the highest common factor of 220 and a?
22
Let y = -45 + 64. Let b(j) = 9*j**2 + j + 2. Let v be b(3). Let n = v + y. What is the highest common divisor of 15 and n?
15
Suppose -8*m - 24 = -216. Calculate the greatest common factor of m and 168.
24
Suppose 5*s - 3*j = 585, -120 = -2*s - 2*j + 114. What is the greatest common divisor of s and 13?
13
Let s(g) = g**2 + 6*g + 4. Let j be s(-7). Let u be 1/3 - 5/(-3). Let t = j + u. Calculate the highest common factor of t and 13.
13
Let s(p) = p**2 + 8*p + 5. Let m be s(-7). Let x be -2 + (0 - m) - -21. Calculate the greatest common factor of x and 7.
7
Suppose 4*v - 13 = -3*k + 2*k, -4*v + 2*k + 22 = 0. Suppose v*q - 18 = q. Let z = 15 - 9. What is the greatest common divisor of q and z?
6
Suppose 102 = 3*q - 69. What is the highest common factor of q and 19?
19
Suppose 0 = -0*a - 6*a + 24. Suppose -2*k + a*k = 10. What is the greatest common factor of k and 10?
5
Let s(x) = -x**2 + 6*x + 8. Let y be s(7). Suppose 0 = -t - t + 10. What is the greatest common factor of t and y?
1
Let t(u) = u**3 - 5*u**2 - 10*u + 12. Let x be t(7). What is the highest common factor of 32 and x?
8
Suppose 0 = 9*v + 4 - 49. Calculate the highest common factor of 15 and v.
5
Suppose 4*w - 12 = 3*j, 3*w - 7*w + 5*j + 20 = 0. Suppose 0 = -w*i + i - 4. What is the greatest common divisor of 10 and i?
2
Let h be (-80)/6*(-60)/50. What is the highest common divisor of h and 80?
16
Let u = 3 + 63. Suppose -n - n = c - u, -3*n = -3*c - 99. Let o = 7 - -15. What is the highest common divisor of n and o?
11
Suppose 3*r + 4*d = 12 + 22, 105 = 5*r - 3*d. Calculate the highest common divisor of r and 3.
3
Let x be (6*-1)/((-2)/4). Calculate the greatest common factor of x and 12.
12
Let n be 4*(0 - (2 - 3)). Suppose 2*u = 3*r + 151, -5*r - 145 = n*u - 6*u. What is the greatest common factor of 10 and u?
10
Let l(y) = 7*y + 3. Let n be l(3). Calculate the highest common divisor of 8 and n.
8
Let r = 29 + -8. What is the highest common factor of r and 42?
21
Let m(s) be the third derivative of -1/6*s**4 + 0 + 4*s**2 + 0*s - 1/3*s**3. Let j be m(-2). Calculate the highest common factor of 6 and j.
6
Let q = 34 - 10. Calculate the highest common factor of 6 and q.
6
Let m be 28 + (2 + -1)/(-1). Suppose -r = -2*z + m, -z + r + 16 = 3. Calculate the greatest common divisor of 35 and z.
7
Let o(t) be the first derivative of 53*t**2/2 + 4*t + 1. Let p be o(2). Calculate the highest common divisor of p and 10.
10
Let z = 99 - 67. Suppose 49 + z = 3*j. Calculate the highest common divisor of 297 and j.
27
Let n(i) = -3*i - 2. Let t be n(6). Let v = t + 29. Calculate the highest common divisor of 1 and v.
1
Let b(x) = x**3 + 13*x**2 + 13*x + 6. Let p be b(-12). Let l = -11 + 19. Let v = l + p. Calculate the highest common divisor of v and 14.
2
Suppose 2*h - 72 = -2*h. Suppose d - 4*o - 159 = -o, -3*d + 452 = -4*o. Calculate the highest common divisor of d and h.
18
Suppose 5*u + 30 = 7*u. What is the highest common divisor of 45 and u?
15
Suppose g - 10 = -0. What is the highest common divisor of g and 40?
10
Let k be -6*(3/(-6) + 0). Let y be 1 + (-1)/((-3)/k). Suppose 3*s - 71 = -y*f, -5*f - 169 = -10*f + s. What is the highest common divisor of f and 85?
17
Let k = 55 + -38. What is the highest common factor of k and 85?
17
Let b be (-1 - -2)*(-1)/1. Let k(w) = -5*w - 1. Let p be k(b). What is the highest common factor of p and 10?
2
Let h = -8 - -11. Let w = h - 0. Suppose -93 = -q - w*u - 3, -q + 92 = 4*u. What is the greatest common factor of q and 12?
12
Let w be -3 + 10 + -2 + 3. What is the highest common divisor of w and 16?
8
Let k = -33 - -45. What is the greatest common factor of k and 30?
6
Let z be 4/(-10) + (-22)/(-5). Suppose t - 23 = -5*b, z*t - 6*t - 2*b + 6 = 0. Let p be (-33)/t - 1/2. Calculate the highest common factor of p and 64.
16
Let h = 6 + -2. Let k(j) = j**3 - 4*j**2 + 3*j - 1. Let v be k(h). Let w be -22*-2*(-3)/(-4). Calculate the greatest common divisor of v and w.
11
Suppose -m + 26 = m - 4*u, -3*u = 3*m - 21. Let x(v) = v + 10 + 3 - 5. Let d be x(-7). Calculate the greatest common divisor of m and d.
1
Let k be (-3 + 2)*(-3 + 1). Let z(d) = 0 + 45*d**k + 0. Let a be z(-1). What is the greatest common divisor of 18 and a?
9
Suppose -5*g - 14 = -5*q - g, -2*q - g + 16 = 0. Let r = -5 + q. Calculate the highest common factor of r and 3.
1
Suppose 2*p + 153 = 3*v, -40 = -v + p - 4*p. Let a(r) = 7*r**2 - r - 1. Let k be a(-1). What is the greatest common divisor of v and k?
7
Let y = -10 - -14. Suppose -p - 3*v - 14 = 0, -3*p + y = -v - 4. Calculate the greatest common factor of 3 and p.
1
Let r = 79 + -53. Let z = r - 13. Calculate the greatest common factor of 52 and z.
13
Let j = 112 - 76. What is the highest common factor of j and 36?
36
Suppose -2*i - i - f = -8, 0 = -i + f. Let k be 11/i - (-2)/(-4). Calculate the greatest common factor of 55 and k.
5
Let m = 52 + 8. Calculate the highest common factor of m and 40.
20
Suppose 4*f - 8 = 36. Let d(r) = -r**3 + r. Let w be d(0). Suppose -n + f + 5 = w. Calculate the highest common factor of 32 and n.
16
Let z be (-1)/2*2*-6. Suppose 0 = -i + z*i - 40. Let f be (-2)/(-7) + 54/7. Calculate the greatest common factor of i and f.
8
Let r = -27 + 57. What is the greatest common divisor of 12 and r?
6
Suppose 0 = 2*o + 5 - 19. Let h be (28/(-10))/(22/(-220)). What is the greatest common factor of o and h?
7
Let r be (8 + 2/(-2))*14. Suppose 3*m - 446 = -5*f, 2*f + 5*m - r = f. Let t be 33/4 + 1/(-4). Calculate the greatest common factor of t and f.
8
Let v(l) = 2*l**2 - 3*l + 3. Let u = 9 + -6. Let r be v(u). What is the highest common divisor of r and 12?
12
Suppose -z + 23 = -2*z. Let a = 55 + z. Calculate the highest common divisor of a and 4.
4
Let p(y) = 2*y**2 - 2*y - 3. Let a be p(-3). Suppose -4